- -27)?
21
Calculate -12 - (11 - -7) - (-9 - -3) - -12.
-12
3 + -1 + -2 - (-1776 + 1793)
-17
Evaluate 79 - (223 + -21 + -91).
-32
Evaluate -26 - (31 - 1 - (257 - 253)).
-52
What is -37 + (22 - 6) - -33?
12
What is the value of 1 + 26 + -1 - (-11887 + 11895)?
18
Evaluate (2 + -15 - ((5 - -24) + -24)) + 122.
104
What is -35 + -9 + (66 - 4)?
18
Evaluate (45 + -27 + -15 - (1 + -9)) + 71.
82
(-118 + 1 - -39) + 67 + (103 - (-1 - 1))
94
Calculate 5518 + -5488 + (2 - 94).
-62
Evaluate -1 + (-38 - (46 - 46)).
-39
Calculate 25 - (13 + 118 - 18) - (-11 - -21).
-98
Evaluate -1165 + 1129 - (-14 - -1).
-23
What is the value of -59 + 17 + (14 - (44 + -8)) + (-6 - -1)?
-69
-57 + 26 + 95 - 197
-133
(52 - (-33 + 69)) + -71
-55
Calculate 21 + 105 - (63 - (14 - -9)).
86
Calculate (-242 - -244) + (-11 - (9 - -60)).
-78
-4 + 5 + -3 + 0 - (-4 + -19)
21
What is the value of -49 + -6 + -4 + 26 + -37?
-70
What is the value of 1 + (-21 - (-1 + -16)) + 1 + -27?
-29
-48 - (-30 - (19 - 41) - -4)
-44
Evaluate -1 - ((9 + -1 - (-76 + 81)) + 57).
-61
What is the value of -10 + (14 - -1) + (5 + 14 - -1)?
25
Evaluate -138 + 183 - (92 - -4).
-51
What is the value of (11 - (-51 + 51)) + 3?
14
40 - -11 - 95 - -62
18
Evaluate -107 + 116 + (-9 - 4).
-4
Calculate -812 + 400 + 337 + 1 + (1 - 8 - 1).
-82
Calculate -32 + -59 + 8 + -3 + 11.
-75
-44 - (-146 + 131 + -3 + (5 - -2))
-33
What is (-44 - (13 + -45)) + (0 - -2)?
-10
42 + (36 - 60) + 16 + 1
35
Calculate (-38 + 50 - 58) + 44.
-2
Evaluate -20 + (-39 - (63 - 19)) - (1 - 8).
-96
Evaluate -14 + -42 + 18 - (-11 + -4) - (0 + -1).
-22
Evaluate -3 + 4 - (9 + -11 + 9 - 69).
63
What is the value of -48 + -5 + (15 + -16 - 6) + 5?
-55
What is the value of -27 + -1 - (-14 - (24 - (27 + 8)))?
-25
What is 11 + -54 + (25 + -27 - 11)?
-56
Calculate -100 + 144 - (0 + (8 - 48)).
84
Evaluate 1 + -42 - (25941 + -26063).
81
Calculate (33 - 6 - -17) + 6 + -21.
29
40 + -21 + -47 - 11
-39
Calculate 7 + 186 + -121 + 29.
101
What is the value of 3 + -58 - (9 + -7 + (18 - 23) + 4)?
-56
What is the value of -3 + (15 + -9 - 1) + 60 + -67?
-5
Evaluate (25 - 17) + -106 + -32 + 43 + 1 + -2.
-88
9 - (35 + -1 + -16 - (7 - 2))
-4
Evaluate -7177 + 7190 - (2 + (-1 - 0)).
12
-68 + -23 - -20 - -32 - -13
-26
Evaluate -79 + 95 + (-150 - -31).
-103
What is the value of (7 - -8) + -14 - 47 - -9?
-37
25 - 8 - (234 - 163)
-54
-63 + -4 + 13 + 17 + -17 + -8
-62
What is -4 + (-3 - -9) + -17 + 9 - -48?
42
Calculate 34 + -237 + 255 + -2 + -1 + 2 + -1.
50
Calculate -8 - (24 - (-24 - (13 - 49)) - (-52 - 0)).
-72
12 + (75 - 71) - (1 - -16)
-1
(11 - -1) + (-9 - -5 - -1) + 23
32
Evaluate 2 + (12 - 3) + (10 - 1) + (16 - 31).
5
Calculate (-24 - (-189 + 107)) + -120.
-62
Evaluate (-1 - 13) + (154 - (127 - 38)) - (11 - 1).
41
What is (57 - 17 - 56) + -6?
-22
What is 2228 - 2175 - (108 - -1)?
-56
1 - 14 - (5824 + -5769)
-68
Evaluate (-8 - -6 - ((7 - 3) + 5)) + (-15 - -23).
-3
Calculate -7 - -1 - (132 - (20 + -12 - -14 - 8)).
-124
Evaluate -51 + 19 + -1 - -22 - (-1 - -8).
-18
(-10 - (-11 + 15)) + (-1 - (2 + -18))
1
-4 + (12 + -30 - -84 - 22)
40
Calculate 57 - (40 + -84) - (1 - -22).
78
What is the value of -1 + 4 + -1 + (-1 - -26) + (-7 - 0)?
20
What is -115 + -16 + -24 + 58 - 40?
-137
6 + 4 + -10 - (35 + 4)
-39
(-40 - (-30 - -39)) + (4 - (-2 - -1))
-44
Calculate (35 - 8 - 10) + -6.
11
What is the value of 71 + 0 + 202 + -181 + -8 + -28 + 0?
56
What is the value of -10 + -3 + 5 + (1 - (7 + (-7 - -5)))?
-12
Evaluate 15 + (-18 - (9 - ((-4 - 14) + 10))).
-20
What is the value of 161 + -114 + (10 - 54) + -23?
-20
-10 - ((12 + (-36 - -16) - -19) + -33)
12
Evaluate 43 + -43 + 8 - (-11 - -34).
-15
What is the value of -53 + 76 - (18 + 38)?
-33
Calculate -4 + 5 + -9 + -6 + 11 + (-7 - -10).
0
Evaluate -6 - ((3 + 2 - 2) + (92 - (91 - 2))).
-12
-11 + 0 + (100 - (-171 - -295))
-35
-26 + 11 + -6 - -1 - -39
19
Calculate (61 - (-26 + 12 + 3 + 12)) + -15.
45
What is (-2 - (-5 + -1) - (5 - 1)) + 47 + -100?
-53
What is the value of -8 + 43 + (-110 - -84) - -24?
33
36 - (-19 - (9 + -63))
1
What is the value of -3 - (7 - (11 + 10 - -9 - 8)) - 22?
-10
Calculate 1 - 9 - 19 - (-11 - (-30 + 10)).
-36
Evaluate 53 + -8 + (-16 - -9) - -36.
74
What is the value of 2 + -2 - ((5 - -18 - 24) + -7 + 18)?
-10
Evaluate -15 + -28 + (88 - 57).
-12
Evaluate 124 - 100 - (-18 - -29).
13
Evaluate -86 + 2 + -1 + 18 + -1634 + 1605.
-96
Evaluate -491 + 455 - (24 + 3).
-63
What is the value of 39 + -6 - ((-7 + 10 - -12) + -12) - 5?
25
Calculate (0 - -9) + -2 - (-105 - (108 + -30 - 62)).
128
Calculate 31 + (3 - -63 - (178 - 155)).
74
-1 + (7 + (-12 - -12) - -31) - -11
48
What is the value of 41 - (-32 - (-2 + -4) - -24)?
43
What is -17 + -1 - (-2329 - -2350)?
-39
-7 + (38 - (2 - 3 - -1) - (466 + -462))
27
Evaluate (10 - (1 + (-4 - -9) + -11 - -14)) + -47.
-46
What is 5 + 2 + -9 - 1 - (1 + -2 + 5)?
-7
-134 + (46 - 60) + 103
-45
Calculate -10 - (-15 - -34 - 27) - 30.
-32
What is -3 + 0 - -82 - (-1497 + 1531)?
45
Evaluate -71 + (34 - 33 - (19 - 44)).
-45
Evaluate (-7 - 9) + 46 + 10 + -21 + (9 - 1).
27
Evaluate -3 + -1 + (-8 - -1) + (4 - -31).
24
-105 - (-48 - (-81 - -65))
-73
Evaluate 4 + 62 + ((5 - 0) + -2 - (150 - 136)).
55
What is 49 - ((-79 - -81) + 55)?
-8
What is -32 + (35 - 10) - -7?
0
Calculate -227 + 152 + (25 - -2) + -6.
-54
What is (-33 - (26 - (-43 - -116))) + -1 + 40?
53
Evaluate 64 - -25 - 11 - 39.
39
Evaluate (-75 - -53) + 40 + 5 + -11 - (-1 - 11).
24
0 + -14 + -14 - -57 - -17
46
What is the value of (84 + -113 - -27) + (1 - -22)?
21
-2927 - -2935 - ((1 - 9) + (-1 - -4))
13
(66 - 118) + 1 + 57
6
What is the value of (16 - (-71 - -115)) + -17?
-45
(1 - (25 - 3) - -24) + (3 - 7)
-1
What is 13 + (8 - -43) + 2 + 1 + (-5 - 12)?
50
Evaluate -26 + (66 + -111 - -107).
36
What is the value of 1895 + -1938 + (-2 - (-3 - 2))?
-40
What is 6 + 43 + 3 + -9 - (-59 + 68)?
34
What is (-32 - -105 - 20) + -31?
22
-18 + 24 + (-58 - -1)
-51
Calculate 19 - (-24 - (24 - 50)) - 41.
-24
-18 + (71 + -98 - (-5 + 2) - (-2 + -10))
-30
What is (3 - (7 + 0) - ((-13 - 4) + 4)) + -44?
-35
What is 184 + -99 - 193 - (-30 + -1)?
-77
What is 10 + (5 - 12 - (8 - (-7 - -20)))?
8
(56 - 1 - 2) + (-2367 - -2373)
59
What is the value of 0 + (0 - -2) - 7 - (-145 - (-292 + 112))?
-40
19 + -4 + (15 - 30) + -23
-23
Calculate -8 + -99 + 4 + 86 + (-2 - (-17 + -1)).
-1
Evaluate 51 + 40 + -35 + 9 - (-8 + 0).
73
What is 4 - (78 - 11 - 106)?
43
Evaluate 14 + 59 + -39 - 58.
-24
Evaluate 5 + (19 - 35) + (-1 - -12) + (24 - 113).
-89
What is the value of (-75 - (20 - 3 - 29)) + -2 + 14?
-51
What is the value of (16 - (-4 + 128 + (266 - 284))) + (-1 - 6)?
-97
Evaluate -14676 + 14651 + (-31 - 0).
-56
What is (6 - (3 + -3)) + -4024 + 4059?
41
What is 84 + (-34 - (6 + 9 - 19))?
54
What is the value of 8 + (14 - 92) + 41 + -24 + -18?
-71
What is the value of 187 + -465 + 144 + -13 + -1 + 0?
-148
Calculate -3 + (-30 + -2 - (51 + -62)).
-24
Calculate (84 - (-14 - -67)) + (-3 - -1 - (-4 + 4)).
29
What is (557 - 322) + -215 + -155 + (1 - 2)?
-136
Evaluate (-61 + -12 - -33) + 51 + -5.
6
Calculate 0 - (60 - (-64 + 119)).
-5
What is 20 + -32 + 24 + 33 + -14?
31
9 + 62 + -94 + (1 - (4 - 4) - 1)
-23
What is the value of -56 + (-32 - -24) + (-10 - 2)?
-76
20 + (82 - 58) + (-3 - -3)
44
3 + (67 - 93) - (6 - 1)
-28
Calculate 7 - (-4 + 20) - -27 - 27.
-9
What is the value of -190 - -100 - -52 - -82?
44
What is the value of ((11 - (0 + 6)) + 2 + -4 - -22) + -3?
22
What is the value of 1 + -68 + (7 - (0 - 13 - (-22 - 1)))?
-70
-15 + 66 + -33 - (-1 - 19)
38
Calculate 30 + -21 + -12 + (0 - -11).
8
Evaluate (-1 + 1 + -1 - (-1757 - -1755)) + 2 + 33.
36
What is the value of 18 + (0 - -8 - (-33 + 48)) - -1?
12
Evaluate (-7 - (-11 - -4)) + (-8 + 16 - 16) + 2.
-6
Evaluate -12 - ((456 - 428) + 0 + 49 + (12 - 2)).
-99
Calculate (-2 - -5) + (25 - 2 - 10).
16
What is the value of (6 - 8) + 7 + (-7 - (-8 - 5))?
11
What is -12 + -7 + 6 - (19 - (9 - 8))?
-31
Evaluate (33 - 56) + 17 - (-1 - (-5 - 2)).
-12
(4 - (-10 + 15)) + (-1 - 9) + (-58 - -33)
-36
What is 84 + (-21 - 33) + (12 - 80)?
-38
Calculate -63 + (-58 - -34) + 9.
-78
Evaluate 1 + 28 + (38 + (-5 - 14) - 22) + 1.
27
What is the value of -57 + (-3 - -4 - -3 - -18)?
-35
Calculate 31 + (-110 - -111) - (26 + 1).
5
What is -2 + (-5 - (-7 + 3) - -5) - (192 + -